{"id":13640,"date":"2022-05-17T18:43:50","date_gmt":"2022-05-17T16:43:50","guid":{"rendered":"https:\/\/www.f-dgs.com\/product\/sem categoria\/gerador-de-ar-comprimido-ndl\/"},"modified":"2022-05-17T18:43:50","modified_gmt":"2022-05-17T16:43:50","slug":"gerador-de-ar-comprimido-ndl","status":"publish","type":"product","link":"https:\/\/www.f-dgs.com\/pt-pt\/product\/secadores-de-ar-por-absorcao\/gerador-de-ar-comprimido-ndl\/","title":{"rendered":"Gerador de ar comprimido NDL"},"content":{"rendered":"<p class=\"p2\">O ar comprimido \u00e9 uma importante fonte de energia que \u00e9 amplamente utilizada em toda a ind\u00fastria. Esta utilidade segura e fi\u00e1vel \u00e9 frequentemente a parte mais importante de um processo de produ\u00e7\u00e3o.<span class=\"Apple-converted-space\"> <\/span><\/p>\n<p class=\"p2\">No entanto, o ar atmosf\u00e9rico cont\u00e9m vapor de \u00e1gua, que se condensa em got\u00edculas de \u00e1gua quando o ar comprimido arrefece.<span class=\"Apple-converted-space\"> <\/span>A \u00e1gua e a sujidade no ar comprimido causam grandes inconvenientes e custos para o utilizador, uma vez que podem danificar o equipamento ligado ao compressor.<span class=\"Apple-converted-space\"> <\/span><\/p>\n<p class=\"p2\">Ao mesmo tempo, a humidade e o calor da compress\u00e3o do ar criam condi\u00e7\u00f5es favor\u00e1veis ao crescimento de microrganismos.<span class=\"Apple-converted-space\"> <\/span>Se o ar comprimido estiver em contacto direto com seres humanos, animais, alimentos ou equipamento m\u00e9dico, podem surgir problemas de higiene.<\/p>\n","protected":false},"excerpt":{"rendered":"<p>O ar comprimido \u00e9 uma importante fonte de energia que \u00e9 amplamente utilizada em toda a ind\u00fastria. Esta utilidade segura e fi\u00e1vel \u00e9 frequentemente a parte mais importante de um processo de produ\u00e7\u00e3o. No entanto, o ar atmosf\u00e9rico cont\u00e9m vapor de \u00e1gua, que se condensa em got\u00edculas de \u00e1gua quando o ar comprimido arrefece. A [&hellip;]<\/p>\n","protected":false},"featured_media":13642,"comment_status":"open","ping_status":"closed","template":"","meta":[],"product_cat":[308],"product_tag":[309],"class_list":{"0":"post-13640","1":"product","2":"type-product","3":"status-publish","4":"has-post-thumbnail","6":"product_cat-secadores-de-ar-por-absorcao","7":"product_tag-secadores-de-ar-por-absorcao","9":"first","10":"instock","11":"shipping-taxable","12":"product-type-simple"},"_links":{"self":[{"href":"https:\/\/www.f-dgs.com\/pt-pt\/wp-json\/wp\/v2\/product\/13640","targetHints":{"allow":["GET"]}}],"collection":[{"href":"https:\/\/www.f-dgs.com\/pt-pt\/wp-json\/wp\/v2\/product"}],"about":[{"href":"https:\/\/www.f-dgs.com\/pt-pt\/wp-json\/wp\/v2\/types\/product"}],"replies":[{"embeddable":true,"href":"https:\/\/www.f-dgs.com\/pt-pt\/wp-json\/wp\/v2\/comments?post=13640"}],"wp:featuredmedia":[{"embeddable":true,"href":"https:\/\/www.f-dgs.com\/pt-pt\/wp-json\/wp\/v2\/media\/13642"}],"wp:attachment":[{"href":"https:\/\/www.f-dgs.com\/pt-pt\/wp-json\/wp\/v2\/media?parent=13640"}],"wp:term":[{"taxonomy":"product_cat","embeddable":true,"href":"https:\/\/www.f-dgs.com\/pt-pt\/wp-json\/wp\/v2\/product_cat?post=13640"},{"taxonomy":"product_tag","embeddable":true,"href":"https:\/\/www.f-dgs.com\/pt-pt\/wp-json\/wp\/v2\/product_tag?post=13640"}],"curies":[{"name":"wp","href":"https:\/\/api.w.org\/{rel}","templated":true}]}}

<p class="p2">O ar comprimido é uma importante fonte de energia que é amplamente utilizada em toda a indústria. Esta utilidade segura e fiável é frequentemente a parte mais importante de um processo de produção.<span class="Apple-converted-space"> </span></p>
<p class="p2">No entanto, o ar atmosférico contém vapor de água, que se condensa em gotículas de água quando o ar comprimido arrefece.<span class="Apple-converted-space"> </span>A água e a sujidade no ar comprimido causam grandes inconvenientes e custos para o utilizador, uma vez que podem danificar o equipamento ligado ao compressor.<span class="Apple-converted-space"> </span></p>
<p class="p2">Ao mesmo tempo, a humidade e o calor da compressão do ar criam condições favoráveis ao crescimento de microrganismos.<span class="Apple-converted-space"> </span>Se o ar comprimido estiver em contacto direto com seres humanos, animais, alimentos ou equipamento médico, podem surgir problemas de higiene.</p>

<p>O ar comprimido é uma importante fonte de energia que é amplamente utilizada em toda a indústria. Esta utilidade segura e fiável é frequentemente a parte mais importante de um processo de produção. No entanto, o ar atmosférico contém vapor de água, que se condensa em gotículas de água quando o ar comprimido arrefece. A [&hellip;]</p>
