{"id":7244,"date":"2022-05-17T18:43:50","date_gmt":"2022-05-17T16:43:50","guid":{"rendered":"https:\/\/www.f-dgs.com\/product\/non%20class\u00e9\/ndl\/"},"modified":"2025-01-26T20:00:01","modified_gmt":"2025-01-26T19:00:01","slug":"ndl","status":"publish","type":"product","link":"https:\/\/www.f-dgs.com\/fr\/product\/secheur-air-absorption\/ndl\/","title":{"rendered":"G\u00e9n\u00e9rateur d&rsquo;air comprim\u00e9 NDL"},"content":{"rendered":"<p class=\"p2\">L&rsquo;air comprim\u00e9 est une importante source d&rsquo;\u00e9nergie largement utilis\u00e9e dans l&rsquo;industrie. Cet utilitaire s\u00fbr et fiable est souvent la partie la plus importante d&rsquo;un processus de production.<\/p>\n<p class=\"p2\">Cependant, l&rsquo;air atmosph\u00e9rique contient de la vapeur d&rsquo;eau, qui se condense en gouttelettes d&rsquo;eau lorsque l&rsquo;air comprim\u00e9 se refroidit.La pr\u00e9sence d&rsquo;eau et de salet\u00e9s dans l&rsquo;air comprim\u00e9 entra\u00eene des inconv\u00e9nients et des co\u00fbts importants pour l&rsquo;utilisateur, car elle peut endommager l&rsquo;\u00e9quipement connect\u00e9 au compresseur.<\/p>\n<p class=\"p2\">En m\u00eame temps, l&rsquo;humidit\u00e9 et la chaleur provenant de la compression de l&rsquo;air cr\u00e9ent des conditions favorables \u00e0 la croissance des micro-organismes. Si l&rsquo;air comprim\u00e9 est en contact direct avec des \u00eatres humains, des animaux, des aliments ou des \u00e9quipements m\u00e9dicaux, des probl\u00e8mes d&rsquo;hygi\u00e8ne peuvent se poser.<\/p>\n","protected":false},"excerpt":{"rendered":"<p>L&rsquo;air comprim\u00e9 est une importante source d&rsquo;\u00e9nergie largement utilis\u00e9e dans l&rsquo;industrie. Cet utilitaire s\u00fbr et fiable est souvent la partie la plus importante d&rsquo;un processus de production. Cependant, l&rsquo;air atmosph\u00e9rique contient de la vapeur d&rsquo;eau, qui se condense en gouttelettes d&rsquo;eau lorsque l&rsquo;air comprim\u00e9 se refroidit.La pr\u00e9sence d&rsquo;eau et de salet\u00e9s dans l&rsquo;air comprim\u00e9 entra\u00eene [&hellip;]<\/p>\n","protected":false},"featured_media":6818,"comment_status":"open","ping_status":"closed","template":"","meta":[],"product_cat":[136],"product_tag":[137],"class_list":{"0":"post-7244","1":"product","2":"type-product","3":"status-publish","4":"has-post-thumbnail","6":"product_cat-secheur-air-absorption","7":"product_tag-absorption-air-dryers-fr","9":"first","10":"instock","11":"shipping-taxable","12":"product-type-simple"},"_links":{"self":[{"href":"https:\/\/www.f-dgs.com\/fr\/wp-json\/wp\/v2\/product\/7244","targetHints":{"allow":["GET"]}}],"collection":[{"href":"https:\/\/www.f-dgs.com\/fr\/wp-json\/wp\/v2\/product"}],"about":[{"href":"https:\/\/www.f-dgs.com\/fr\/wp-json\/wp\/v2\/types\/product"}],"replies":[{"embeddable":true,"href":"https:\/\/www.f-dgs.com\/fr\/wp-json\/wp\/v2\/comments?post=7244"}],"wp:featuredmedia":[{"embeddable":true,"href":"https:\/\/www.f-dgs.com\/fr\/wp-json\/wp\/v2\/media\/6818"}],"wp:attachment":[{"href":"https:\/\/www.f-dgs.com\/fr\/wp-json\/wp\/v2\/media?parent=7244"}],"wp:term":[{"taxonomy":"product_cat","embeddable":true,"href":"https:\/\/www.f-dgs.com\/fr\/wp-json\/wp\/v2\/product_cat?post=7244"},{"taxonomy":"product_tag","embeddable":true,"href":"https:\/\/www.f-dgs.com\/fr\/wp-json\/wp\/v2\/product_tag?post=7244"}],"curies":[{"name":"wp","href":"https:\/\/api.w.org\/{rel}","templated":true}]}}

https://www.f-dgs.com/product/non%20classé/ndl/

Générateur d&rsquo;air comprimé NDL

<p class="p2">L&rsquo;air comprimé est une importante source d&rsquo;énergie largement utilisée dans l&rsquo;industrie. Cet utilitaire sûr et fiable est souvent la partie la plus importante d&rsquo;un processus de production.</p>
<p class="p2">Cependant, l&rsquo;air atmosphérique contient de la vapeur d&rsquo;eau, qui se condense en gouttelettes d&rsquo;eau lorsque l&rsquo;air comprimé se refroidit.La présence d&rsquo;eau et de saletés dans l&rsquo;air comprimé entraîne des inconvénients et des coûts importants pour l&rsquo;utilisateur, car elle peut endommager l&rsquo;équipement connecté au compresseur.</p>
<p class="p2">En même temps, l&rsquo;humidité et la chaleur provenant de la compression de l&rsquo;air créent des conditions favorables à la croissance des micro-organismes. Si l&rsquo;air comprimé est en contact direct avec des êtres humains, des animaux, des aliments ou des équipements médicaux, des problèmes d&rsquo;hygiène peuvent se poser.</p>

<p>L&rsquo;air comprimé est une importante source d&rsquo;énergie largement utilisée dans l&rsquo;industrie. Cet utilitaire sûr et fiable est souvent la partie la plus importante d&rsquo;un processus de production. Cependant, l&rsquo;air atmosphérique contient de la vapeur d&rsquo;eau, qui se condense en gouttelettes d&rsquo;eau lorsque l&rsquo;air comprimé se refroidit.La présence d&rsquo;eau et de saletés dans l&rsquo;air comprimé entraîne [&hellip;]</p>
