{"id":13635,"date":"2022-05-17T18:43:50","date_gmt":"2022-05-17T16:43:50","guid":{"rendered":"https:\/\/www.f-dgs.com\/product\/sin categor\u00eda\/generador-de-aire-comprimido-ndl\/"},"modified":"2022-05-17T18:43:50","modified_gmt":"2022-05-17T16:43:50","slug":"generador-de-aire-comprimido-ndl","status":"publish","type":"product","link":"https:\/\/www.f-dgs.com\/es\/product\/secadoras-de-aire-por-absorcion\/generador-de-aire-comprimido-ndl\/","title":{"rendered":"Generador de aire comprimido NDL"},"content":{"rendered":"<p class=\"p2\">El aire comprimido es una importante fuente de energ\u00eda muy utilizada en la industria. Esta utilidad segura y fiable es a menudo la parte m\u00e1s importante de un proceso de producci\u00f3n.<span class=\"Apple-converted-space\"> <\/span><\/p>\n<p class=\"p2\">Sin embargo, el aire atmosf\u00e9rico contiene vapor de agua, que se condensa en gotas de agua cuando el aire comprimido se enfr\u00eda.<span class=\"Apple-converted-space\"> <\/span>El agua y la suciedad en el aire comprimido causan grandes molestias y costes al usuario, ya que pueden da\u00f1ar los equipos conectados al compresor.<span class=\"Apple-converted-space\"> <\/span><\/p>\n<p class=\"p2\">Al mismo tiempo, la humedad y el calor procedentes de la compresi\u00f3n del aire crean condiciones favorables para el crecimiento de microorganismos.<span class=\"Apple-converted-space\"> <\/span>Si el aire comprimido entra en contacto directo con seres humanos, animales, alimentos o equipos m\u00e9dicos, pueden surgir problemas de higiene.<\/p>\n","protected":false},"excerpt":{"rendered":"<p>El aire comprimido es una importante fuente de energ\u00eda muy utilizada en la industria. Esta utilidad segura y fiable es a menudo la parte m\u00e1s importante de un proceso de producci\u00f3n. Sin embargo, el aire atmosf\u00e9rico contiene vapor de agua, que se condensa en gotas de agua cuando el aire comprimido se enfr\u00eda. El agua [&hellip;]<\/p>\n","protected":false},"featured_media":13636,"comment_status":"open","ping_status":"closed","template":"","meta":[],"product_cat":[306],"product_tag":[307],"class_list":{"0":"post-13635","1":"product","2":"type-product","3":"status-publish","4":"has-post-thumbnail","6":"product_cat-secadoras-de-aire-por-absorcion","7":"product_tag-secadoras-de-aire-por-absorcion","9":"first","10":"instock","11":"shipping-taxable","12":"product-type-simple"},"_links":{"self":[{"href":"https:\/\/www.f-dgs.com\/es\/wp-json\/wp\/v2\/product\/13635","targetHints":{"allow":["GET"]}}],"collection":[{"href":"https:\/\/www.f-dgs.com\/es\/wp-json\/wp\/v2\/product"}],"about":[{"href":"https:\/\/www.f-dgs.com\/es\/wp-json\/wp\/v2\/types\/product"}],"replies":[{"embeddable":true,"href":"https:\/\/www.f-dgs.com\/es\/wp-json\/wp\/v2\/comments?post=13635"}],"wp:featuredmedia":[{"embeddable":true,"href":"https:\/\/www.f-dgs.com\/es\/wp-json\/wp\/v2\/media\/13636"}],"wp:attachment":[{"href":"https:\/\/www.f-dgs.com\/es\/wp-json\/wp\/v2\/media?parent=13635"}],"wp:term":[{"taxonomy":"product_cat","embeddable":true,"href":"https:\/\/www.f-dgs.com\/es\/wp-json\/wp\/v2\/product_cat?post=13635"},{"taxonomy":"product_tag","embeddable":true,"href":"https:\/\/www.f-dgs.com\/es\/wp-json\/wp\/v2\/product_tag?post=13635"}],"curies":[{"name":"wp","href":"https:\/\/api.w.org\/{rel}","templated":true}]}}

https://www.f-dgs.com/product/sin categoría/generador-de-aire-comprimido-ndl/

<p class="p2">El aire comprimido es una importante fuente de energía muy utilizada en la industria. Esta utilidad segura y fiable es a menudo la parte más importante de un proceso de producción.<span class="Apple-converted-space"> </span></p>
<p class="p2">Sin embargo, el aire atmosférico contiene vapor de agua, que se condensa en gotas de agua cuando el aire comprimido se enfría.<span class="Apple-converted-space"> </span>El agua y la suciedad en el aire comprimido causan grandes molestias y costes al usuario, ya que pueden dañar los equipos conectados al compresor.<span class="Apple-converted-space"> </span></p>
<p class="p2">Al mismo tiempo, la humedad y el calor procedentes de la compresión del aire crean condiciones favorables para el crecimiento de microorganismos.<span class="Apple-converted-space"> </span>Si el aire comprimido entra en contacto directo con seres humanos, animales, alimentos o equipos médicos, pueden surgir problemas de higiene.</p>

<p>El aire comprimido es una importante fuente de energía muy utilizada en la industria. Esta utilidad segura y fiable es a menudo la parte más importante de un proceso de producción. Sin embargo, el aire atmosférico contiene vapor de agua, que se condensa en gotas de agua cuando el aire comprimido se enfría. El agua [&hellip;]</p>
